omposite number?
True
Is 133271 composite?
False
Is 10973 composite?
False
Is 393473 composite?
False
Is 907 composite?
False
Is 858817 prime?
True
Is 573593 composite?
True
Is 4831 composite?
False
Is 694829 prime?
True
Is 236297 prime?
True
Is 169118 prime?
False
Is 86699 a prime number?
False
Is 713855 a composite number?
True
Is 292639 a composite number?
True
Is 514667 a prime number?
False
Is 302317 composite?
False
Is 41333 a prime number?
True
Is 23741 composite?
False
Is 170305 prime?
False
Is 737797 composite?
False
Is 474977 a prime number?
True
Is 11735 a prime number?
False
Is 13549 a composite number?
True
Is 213989 prime?
True
Is 6319 a prime number?
False
Is 3251 a composite number?
False
Is 3889441 a prime number?
True
Is 1596557 a composite number?
True
Is 96035 a composite number?
True
Is 45418 prime?
False
Is 7807 prime?
False
Is 23207 composite?
True
Is 58999 a prime number?
False
Is 4443 a composite number?
True
Is 12895 composite?
True
Is 26413 composite?
True
Is 118529 a composite number?
False
Is 1438 a prime number?
False
Is 108183 composite?
True
Is 230819 composite?
False
Is 37633 a prime number?
True
Is 1035869 a composite number?
False
Is 859 a prime number?
True
Is 6673 a prime number?
True
Is 19373 composite?
False
Is 34462 prime?
False
Is 223499 prime?
False
Is 4043 prime?
False
Is 545507 a composite number?
True
Is 34217 prime?
True
Is 2649 prime?
False
Is 118081 a prime number?
True
Is 411 prime?
False
Is 756269 composite?
True
Is 27581 a prime number?
True
Is 139021 a composite number?
False
Is 50035 prime?
False
Is 24281 composite?
False
Is 722447 a prime number?
False
Is 2149 prime?
False
Is 6737 a composite number?
False
Is 3761 composite?
False
Is 75869 composite?
False
Is 358811 a prime number?
True
Is 81307 prime?
True
Is 1777441 a composite number?
False
Is 942473 prime?
False
Is 7233 composite?
True
Is 1837 a prime number?
False
Is 42641 prime?
True
Is 15527 prime?
True
Is 20998 prime?
False
Is 72203 prime?
False
Is 11065 a composite number?
True
Is 363349 a prime number?
False
Is 615811 a composite number?
True
Is 4857 prime?
False
Is 321551 prime?
False
Is 22123 a composite number?
False
Is 5381 composite?
False
Is 242401 a prime number?
False
Is 1801 a composite number?
False
Is 1376257 a composite number?
False
Is 5591 composite?
False
Is 882053 a prime number?
False
Is 20471 a composite number?
True
Is 878105 prime?
False
Is 66967 composite?
True
Is 2503 a prime number?
True
Is 612439 a prime number?
True
Is 1819 prime?
False
Is 3599699 composite?
True
Is 1400569 a prime number?
False
Is 464371 a prime number?
True
Is 54721 composite?
False
Is 128137 a composite number?
True
Is 26899 composite?
True
Is 20047 composite?
False
Is 8782 composite?
True
Is 579503 composite?
False
Is 64063 prime?
True
Is 28603 a composite number?
False
Is 479 a prime number?
True
Is 15446 prime?
False
Is 1344389 a composite number?
False
Is 81611 composite?
False
Is 19731 a composite number?
True
Is 36247 a composite number?
True
Is 359699 a composite number?
True
Is 73217 prime?
False
Is 1257167 prime?
False
Is 37441 prime?
True
Is 454109 composite?
False
Is 8014 a prime number?
False
Is 2183707 composite?
False
Is 161963 composite?
True
Is 437 composite?
True
Is 3961 a composite number?
True
Is 11929 prime?
False
Is 809 a composite number?
False
Is 20039 prime?
False
Is 175141 a prime number?
True
Is 86851 composite?
False
Is 323699 a prime number?
True
Is 6449 prime?
True
Is 2713003 prime?
True
Is 228479 a prime number?
True
Is 2179 a prime number?
True
Is 29327 a prime number?
True
Is 16411 a prime number?
True
Is 89785 composite?
True
Is 13571 prime?
False
Is 70039 a composite number?
False
Is 250271 prime?
False
Is 8537 composite?
False
Is 474359 a prime number?
True
Is 4223 prime?
False
Is 7327 a prime number?
False
Is 144037 composite?
False
Is 53609 composite?
False
Is 60141 a prime number?
False
Is 39082 composite?
True
Is 2459 a composite number?
False
Is 1799971 a composite number?
True
Is 423451 a prime number?
False
Is 331739 composite?
False
Is 36191 a composite number?
False
Is 449279 prime?
False
Is 83833 composite?
False
Is 14471 a composite number?
True
Is 42037 a prime number?
False
Is 17827 a composite number?
False
Is 13997 composite?
False
Is 9434173 a composite number?
True
Is 113721 prime?
False
Is 284651 a prime number?
True
Is 27199 a composite number?
True
Is 1247 composite?
True
Is 656587 a prime number?
True
Is 245963 prime?
True
Is 291689 composite?
False
Is 5242 composite?
True
Is 85147 prime?
True
Is 231538 prime?
False
Is 37585 a composite number?
True
Is 667 a composite number?
True
Is 59951 a prime number?
True
Is 9413 a composite number?
False
Is 1653007 a composite number?
False
Is 695347 a prime number?
True
Is 172243 a prime number?
True
Is 1854395 prime?
False
Is 14281 a prime number?
True
Is 206623 composite?
False
Is 3521 a prime number?
False
Is 23099 a prime number?
True
Is 155153 prime?
True
Is 158 composite?
True
Is 195401 a composite number?
False
Is 23783 prime?
False
Is 605113 composite?
False
Is 155711 a prime number?
False
Is 2973 prime?
False
Is 11981 prime?
True
Is 5906 a composite number?
True
Is 14143 composite?
False
Is 24607 a composite number?
True
Is 2813 prime?
False
Is 9574 a composite number?
True
Is 4406891 composite?
False
Is 109801 a prime number?
False
Is 1147 composite?
True
Is 82078 prime?
False
Is 15653 composite?
True
Is 195967 a composite number?
False
Is 11347 a prime number?
False
Is 7483 a prime number?
False
Is 25709 a composite number?
True
Is 15073 a composite number?
False
Is 235 a prime number?
False
Is 174107 prime?
False
Is 271637 composite?
False
Is 16538 a prime number?
False
Is 73105 composite?
True
Is 1384189 a composite number?
False
Is 45943 a prime number?
True
Is 122691 composite?
True
Is 25503 prime?
False
Is 257113 composite?
True
Is 84601 prime?
False
Is 169773 composite?
True
Is 86455 composite?
True
Is 1632163 composite?
True
Is 15163 composite?
True
Is 15427 a prime number?
True
Is 114581 a composite number?
True
Is 992987 a composite number?
True
Is 14255 composite?
True
Is 74629 composite?
True
Is 206501 composite?
False
Is 6161 prime?
False
Is 172001 a prime number?
True
Is 98493 composite?
True
Is 1087 prime?
True
Is 375721 prime?
False
Is 221707 composite?
False
Is 150103 a prime number?
False
Is 1017607 a composite number?
False
Is 147507 composite?
True
Is 339799 a prime number?
True
Is 292753 prime?
True
Is 164545 composite?
True
Is 18167 a composite number?
True
Is 1513 a composite number?
True
Is 3554 composite?
True
Is 2317 composite?
True
Is 2785 a composite number?
True
Is 69929 a composite number?
False
Is 19651 a prime number?
False
Is 191069 prime?
False
Is 5899 composite?
True
Is 1909085 prime?
False
Is 1847 prime?
True
Is 481297 composite?
False
Is 1975195 composite?
True
Is 4493 a prime number?
True
Is 2901 a prime number?
False
Is 879 composite?
True
Is 34337 prime?
True
Is 87739 a composite number?
False
Is 1203603 a composite number?
True
Is 23393 a composite number?
True
Is 293243 composite?
True
Is 172489 composite?
False
Is 2003 prime?
True
Is 122957 a composite number?
False
Is 7069 a composite number?
False
Is 1248355 a composite number?
True
Is 1123327 a prime number?
True
Is 4397 a prime number?
True
Is 148609 a composite number?
False
Is 241037 a prime number?
True
Is 23857 prime?
True
Is 3299 a composite number?
False
Is 23509 a prime number?
True
Is 16001 prime?
True
Is 271333 prime?
True
Is 26582 composite?
True
Is 926129 a composite number?
False
Is 945619 a composite number?
True
Is 25711 composite?
True
Is 12949 a composite number?
True
Is 87845 composite?
True
Is 2498893 composite?
False
Is 1801 prime?
True
Is 31987 composite?
True
Is 1254871 a composite number?
True
Is 827807 a composite number?
True
Is 141517 a composite number?
True
Is 106073 a prime number?
False
Is 99101 a prime number?
False
Is 111653 composite?
False
Is 8135 composite?
True
Is 20063 composite?
False
Is 26041 a prime number?
True
Is 27535 composite?
True
Is 10129 composite?
True
Is 308123 a prime number?
False
Is 121339 a composite number?
True
Is 8501 a composite number?
False
Is 10981 a prime number?
False
I